ctors of 33380946.
2, 3, 1854497
List the prime factors of 2515436891.
11, 228676081
List the prime factors of 43646144.
2, 681971
List the prime factors of 2997055812.
2, 3, 249754651
List the prime factors of 22386627.
3, 401, 6203
What are the prime factors of 3499520198?
2, 1749760099
What are the prime factors of 350380413?
3, 23, 101, 16759
What are the prime factors of 948075826?
2, 991, 478343
What are the prime factors of 7240139311?
31, 149, 1567469
List the prime factors of 8806812.
2, 3, 7, 59, 1777
What are the prime factors of 2017371085?
5, 233, 251, 6899
What are the prime factors of 24285313?
13, 181, 10321
What are the prime factors of 1027669567?
17, 233, 401, 647
List the prime factors of 146439900.
2, 3, 5, 101, 179
What are the prime factors of 708567879?
3, 431, 548003
What are the prime factors of 78891922?
2, 39445961
List the prime factors of 2575827609.
3, 6529, 131507
What are the prime factors of 36264149?
3593, 10093
List the prime factors of 428389486.
2, 7, 1847, 16567
List the prime factors of 253916693.
53, 937, 5113
List the prime factors of 530031531.
3, 181, 976117
List the prime factors of 1368276465.
3, 5, 37, 2465363
List the prime factors of 3593568898.
2, 23, 109, 716707
What are the prime factors of 105865666?
2, 103, 653, 787
What are the prime factors of 27257875?
5, 19, 23, 499
What are the prime factors of 80882850?
2, 3, 5, 539219
List the prime factors of 30320213.
7, 11, 103, 3823
List the prime factors of 133777713.
3, 107, 149, 2797
List the prime factors of 370007944.
2, 41, 61, 18493
What are the prime factors of 1380190537?
11, 125471867
List the prime factors of 21363330.
2, 3, 5, 829, 859
List the prime factors of 822159454.
2, 29, 59, 240257
What are the prime factors of 140372375?
5, 11, 13, 7853
List the prime factors of 686623776.
2, 3, 7152331
List the prime factors of 147649633.
147649633
List the prime factors of 28741510.
2, 5, 7, 71, 5783
List the prime factors of 285667889.
13, 23, 563, 1697
What are the prime factors of 3537940930?
2, 5, 149, 397, 5981
List the prime factors of 197643587.
197643587
List the prime factors of 278665030.
2, 5, 7, 83, 47963
What are the prime factors of 93374458?
2, 37, 487, 2591
What are the prime factors of 48817000?
2, 5, 48817
List the prime factors of 201902757.
3, 7, 1949, 4933
List the prime factors of 92683078.
2, 659, 70321
List the prime factors of 67752722.
2, 127, 157, 1699
List the prime factors of 147009049.
11, 2707, 4937
What are the prime factors of 2602246860?
2, 3, 5, 617, 23431
What are the prime factors of 1426414441?
79, 18055879
What are the prime factors of 257620014?
2, 3, 1590247
List the prime factors of 6779554.
2, 1399, 2423
What are the prime factors of 1608871357?
1608871357
List the prime factors of 398857942.
2, 7, 211, 19289
What are the prime factors of 81837914?
2, 40918957
What are the prime factors of 158682105?
3, 5, 47, 89, 281
List the prime factors of 3124221495.
3, 5, 17, 720697
What are the prime factors of 416748644?
2, 13, 83, 223, 433
List the prime factors of 69866437.
69866437
List the prime factors of 136881652.
2, 59, 523, 1109
List the prime factors of 125976009.
3, 37, 701, 1619
What are the prime factors of 541817025?
3, 5, 101, 71527
List the prime factors of 91226709.
3, 7, 17, 28393
What are the prime factors of 875387246?
2, 437693623
List the prime factors of 379223865.
3, 5, 29, 290593
What are the prime factors of 359191182?
2, 3, 7, 467, 18313
List the prime factors of 1851459159.
3, 11, 31, 1809833
What are the prime factors of 1111137695?
5, 661, 336199
List the prime factors of 270436918.
2, 17, 19, 418633
What are the prime factors of 257127592?
2, 53, 606433
List the prime factors of 58649964.
2, 3, 2179, 2243
List the prime factors of 53837290.
2, 5, 13, 43, 9631
List the prime factors of 155065693.
155065693
List the prime factors of 395216152.
2, 2339, 21121
What are the prime factors of 466263826?
2, 7, 33304559
What are the prime factors of 1895117478?
2, 3, 241, 337, 3889
List the prime factors of 123012136.
2, 13, 17, 41, 1697
List the prime factors of 176495111.
13, 139, 97673
List the prime factors of 1372870698.
2, 3, 137, 677, 2467
List the prime factors of 428282487.
3, 47586943
What are the prime factors of 659126735?
5, 131825347
List the prime factors of 1224469100.
2, 5, 41, 298651
List the prime factors of 407609782.
2, 17, 41, 269, 1087
What are the prime factors of 919978154?
2, 17, 131, 206551
What are the prime factors of 5381414752?
2, 7, 24024173
What are the prime factors of 83856935?
5, 103, 162829
List the prime factors of 537843346.
2, 268921673
List the prime factors of 52697841.
3, 7, 17, 147613
What are the prime factors of 67556783?
7, 37, 109, 2393
What are the prime factors of 34352154?
2, 3, 31, 20521
What are the prime factors of 41281422?
2, 3, 7, 13, 1543
List the prime factors of 73407148.
2, 18351787
List the prime factors of 31384240.
2, 5, 127, 3089
What are the prime factors of 1875493141?
1875493141
What are the prime factors of 39930650?
2, 5, 798613
What are the prime factors of 33150026?
2, 7, 13, 14011
List the prime factors of 1322526224.
2, 37, 739, 3023
What are the prime factors of 1128428183?
19, 37, 857, 1873
What are the prime factors of 353562795?
3, 5, 197, 39883
List the prime factors of 34244371.
7, 967, 5059
What are the prime factors of 12656279?
17, 23, 32369
List the prime factors of 17935805.
5, 3587161
List the prime factors of 62098968.
2, 3, 277, 9341
List the prime factors of 3989529676.
2, 11, 23, 171401
List the prime factors of 633889238.
2, 521, 608339
What are the prime factors of 163654891?
89, 1838819
What are the prime factors of 331612689?
3, 23, 43, 111767
List the prime factors of 1026906827.
211, 4866857
What are the prime factors of 152761748?
2, 19, 2010023
List the prime factors of 48386503.
11, 23, 191251
List the prime factors of 7228499498.
2, 11, 19, 17293061
What are the prime factors of 532054001?
8293, 64157
List the prime factors of 553314351.
3, 17, 10849301
List the prime factors of 14333174.
2, 199, 36013
What are the prime factors of 126295105?
5, 59, 211, 2029
List the prime factors of 10431643.
233, 44771
List the prime factors of 37080436.
2, 61, 151969
What are the prime factors of 3026066021?
11, 275096911
List the prime factors of 6376579878.
2, 3, 17, 67, 933067
What are the prime factors of 95512266?
2, 3, 101, 107, 491
What are the prime factors of 1708690846?
2, 29, 29460187
List the prime factors of 18725265.
3, 5, 13, 32009
What are the prime factors of 1109173787?
809, 1049, 1307
List the prime factors of 6181598224.
2, 6037, 63997
List the prime factors of 334902438.
2, 3, 13, 159023
List the prime factors of 160664739.
3, 17, 503, 6263
What are the prime factors of 540839650?
2, 5, 13, 89, 9349
What are the prime factors of 586379082?
2, 3, 97729847
List the prime factors of 152532483.
3, 17, 2990833
List the prime factors of 188454351.
3, 109, 576313
List the prime factors of 67423773.
3, 709, 31699
What are the prime factors of 220065466?
2, 31, 101, 113, 311
List the prime factors of 652356598.
2, 193, 1690043
What are the prime factors of 74570096?
2, 37, 125963
What are the prime factors of 122693933?
122693933
What are the prime factors of 45204748?
2, 79, 143053
List the prime factors of 45263407.
7, 923743
List the prime factors of 622988541.
3, 7, 641, 15427
List the prime factors of 8575509820.
2, 5, 428775491
What are the prime factors of 211106017?
17, 19, 653579
List the prime factors of 329291699.
11, 2721419
What are the prime factors of 1224830838?
2, 3, 7, 11, 101, 26249
List the prime factors of 86922527.
137, 634471
What are the prime factors of 513259973?
23, 22315651
What are the prime factors of 43879744?
2, 685621
What are the prime factors of 141255901?
141255901
What are the prime factors of 4125196933?
11, 13, 37, 779663
What are the prime factors of 5470961943?
3, 283, 1049, 6143
What are the prime factors of 158401549?
158401549
What are the prime factors of 176305165?
5, 173, 203821
List the prime factors of 43414285.
5, 41, 211777
List the prime factors of 47973888.
2, 3, 29, 359
What are the prime factors of 47785046?
2, 79, 167, 1811
List